{"id":296,"date":"2023-02-28T18:10:18","date_gmt":"2023-02-28T17:10:18","guid":{"rendered":"https:\/\/greinerpolska.pl\/?post_type=product&#038;p=296"},"modified":"2024-08-01T16:08:22","modified_gmt":"2024-08-01T14:08:22","slug":"cases","status":"publish","type":"product","link":"https:\/\/greinerpolska.pl\/?product=cases","title":{"rendered":"Os\u0142ony ochronne"},"content":{"rendered":"<p><strong>Dodatkowe informacje:<\/strong><\/p>\n<ul>\n<li>Mo\u017cna zam\u00f3wi\u0107 os\u0142on\u0119 dla ka\u017cdego fotela fryzjerskiego lub myjni fryzjerskiej GREINER w odpowiednim kszta\u0142cie i o pasuj\u0105cych wymiarach.<\/li>\n<li>Os\u0142ony chroni\u0105 siedziska foteli i myjni przed zabrudzeniem spowodowanym farbami i lakierami do w\u0142os\u00f3w, brudem i potem.<\/li>\n<li>Os\u0142ony mog\u0105 by\u0107 prze\u017aroczyste lub wykonane z tego samego materia\u0142u co siedziska fotele i myjni fryzjerskich.<\/li>\n<li>Dost\u0119pne s\u0105 4 r\u00f3\u017cne struktury materia\u0142\u00f3w tapicerskich w kilkudziesi\u0119ciu r\u00f3\u017cnych kolorach (karta kolor\u00f3w poni\u017cej).<\/li>\n<\/ul>\n<h3><strong><span style=\"color: #99cc00;\">Kolory obi\u0107:<\/span><\/strong><img fetchpriority=\"high\" decoding=\"async\" class=\"alignnone wp-image-1219 size-full\" src=\"https:\/\/greinerpolska.pl\/wp-content\/uploads\/2023\/02\/1.jpg\" alt=\"\" width=\"2454\" height=\"1567\" srcset=\"https:\/\/greinerpolska.pl\/wp-content\/uploads\/2023\/02\/1.jpg 2454w, https:\/\/greinerpolska.pl\/wp-content\/uploads\/2023\/02\/1-300x192.jpg 300w, https:\/\/greinerpolska.pl\/wp-content\/uploads\/2023\/02\/1-1024x654.jpg 1024w, https:\/\/greinerpolska.pl\/wp-content\/uploads\/2023\/02\/1-768x490.jpg 768w, https:\/\/greinerpolska.pl\/wp-content\/uploads\/2023\/02\/1-1536x981.jpg 1536w, https:\/\/greinerpolska.pl\/wp-content\/uploads\/2023\/02\/1-2048x1308.jpg 2048w, https:\/\/greinerpolska.pl\/wp-content\/uploads\/2023\/02\/1-600x383.jpg 600w\" sizes=\"(max-width: 2454px) 100vw, 2454px\" \/><\/h3>\n<p>&nbsp;<\/p>\n","protected":false},"excerpt":{"rendered":"<p>Dodatkowe informacje: Mo\u017cna zam\u00f3wi\u0107 os\u0142on\u0119 dla ka\u017cdego fotela fryzjerskiego lub myjni fryzjerskiej GREINER w odpowiednim kszta\u0142cie i o pasuj\u0105cych wymiarach. Os\u0142ony chroni\u0105 siedziska foteli i myjni przed zabrudzeniem spowodowanym farbami i lakierami do w\u0142os\u00f3w, brudem i potem. Os\u0142ony mog\u0105 by\u0107 prze\u017aroczyste lub wykonane z tego samego materia\u0142u co siedziska fotele i myjni fryzjerskich. Dost\u0119pne s\u0105 &hellip; <\/p>\n","protected":false},"featured_media":299,"comment_status":"open","ping_status":"closed","template":"","meta":{"om_disable_all_campaigns":false,"_monsterinsights_skip_tracking":false,"_monsterinsights_sitenote_active":false,"_monsterinsights_sitenote_note":"","_monsterinsights_sitenote_category":0},"product_brand":[],"product_cat":[31],"product_tag":[],"class_list":{"0":"post-296","1":"product","2":"type-product","3":"status-publish","4":"has-post-thumbnail","6":"product_cat-akcesoria","8":"first","9":"onbackorder","10":"shipping-taxable","11":"product-type-simple"},"aioseo_notices":[],"jetpack_sharing_enabled":true,"_links":{"self":[{"href":"https:\/\/greinerpolska.pl\/index.php?rest_route=\/wp\/v2\/product\/296","targetHints":{"allow":["GET"]}}],"collection":[{"href":"https:\/\/greinerpolska.pl\/index.php?rest_route=\/wp\/v2\/product"}],"about":[{"href":"https:\/\/greinerpolska.pl\/index.php?rest_route=\/wp\/v2\/types\/product"}],"replies":[{"embeddable":true,"href":"https:\/\/greinerpolska.pl\/index.php?rest_route=%2Fwp%2Fv2%2Fcomments&post=296"}],"wp:featuredmedia":[{"embeddable":true,"href":"https:\/\/greinerpolska.pl\/index.php?rest_route=\/wp\/v2\/media\/299"}],"wp:attachment":[{"href":"https:\/\/greinerpolska.pl\/index.php?rest_route=%2Fwp%2Fv2%2Fmedia&parent=296"}],"wp:term":[{"taxonomy":"product_brand","embeddable":true,"href":"https:\/\/greinerpolska.pl\/index.php?rest_route=%2Fwp%2Fv2%2Fproduct_brand&post=296"},{"taxonomy":"product_cat","embeddable":true,"href":"https:\/\/greinerpolska.pl\/index.php?rest_route=%2Fwp%2Fv2%2Fproduct_cat&post=296"},{"taxonomy":"product_tag","embeddable":true,"href":"https:\/\/greinerpolska.pl\/index.php?rest_route=%2Fwp%2Fv2%2Fproduct_tag&post=296"}],"curies":[{"name":"wp","href":"https:\/\/api.w.org\/{rel}","templated":true}]}}

Osłony ochronne

<p><strong>Dodatkowe informacje:</strong></p>
<ul>
<li>Można zamówić osłonę dla każdego fotela fryzjerskiego lub myjni fryzjerskiej GREINER w odpowiednim kształcie i o pasujących wymiarach.</li>
<li>Osłony chronią siedziska foteli i myjni przed zabrudzeniem spowodowanym farbami i lakierami do włosów, brudem i potem.</li>
<li>Osłony mogą być przeźroczyste lub wykonane z tego samego materiału co siedziska fotele i myjni fryzjerskich.</li>
<li>Dostępne są 4 różne struktury materiałów tapicerskich w kilkudziesięciu różnych kolorach (karta kolorów poniżej).</li>
</ul>
<h3><strong><span style="color: #99cc00;">Kolory obić:</span></strong><img fetchpriority="high" decoding="async" class="alignnone wp-image-1219 size-full" src="https://greinerpolska.pl/wp-content/uploads/2023/02/1.jpg" alt="" width="2454" height="1567" srcset="https://greinerpolska.pl/wp-content/uploads/2023/02/1.jpg 2454w, https://greinerpolska.pl/wp-content/uploads/2023/02/1-300x192.jpg 300w, https://greinerpolska.pl/wp-content/uploads/2023/02/1-1024x654.jpg 1024w, https://greinerpolska.pl/wp-content/uploads/2023/02/1-768x490.jpg 768w, https://greinerpolska.pl/wp-content/uploads/2023/02/1-1536x981.jpg 1536w, https://greinerpolska.pl/wp-content/uploads/2023/02/1-2048x1308.jpg 2048w, https://greinerpolska.pl/wp-content/uploads/2023/02/1-600x383.jpg 600w" sizes="(max-width: 2454px) 100vw, 2454px" /></h3>
<p>&nbsp;</p>

<p>Dodatkowe informacje: Można zamówić osłonę dla każdego fotela fryzjerskiego lub myjni fryzjerskiej GREINER w odpowiednim kształcie i o pasujących wymiarach. Osłony chronią siedziska foteli i myjni przed zabrudzeniem spowodowanym farbami i lakierami do włosów, brudem i potem. Osłony mogą być przeźroczyste lub wykonane z tego samego materiału co siedziska fotele i myjni fryzjerskich. Dostępne są &hellip; </p>
